of 160?
False
Is 2492 a multiple of 14?
True
Does 18 divide 272?
False
Is 16 a factor of 1728?
True
Is 57 a factor of 1482?
True
Does 24 divide 6122?
False
Is 875 a multiple of 8?
False
Is 17670 a multiple of 239?
False
Does 29 divide 928?
True
Is 64 a factor of 2852?
False
Is 14744 a multiple of 76?
True
Is 2 even?
True
Does 23 divide 1518?
True
Is 8 a factor of 160?
True
Is 9 a factor of 12454?
False
Does 11 divide 63?
False
Is 70 a factor of 69078?
False
Does 44 divide 2577?
False
Does 11 divide 1932?
False
Is 506 a multiple of 13?
False
Is 62 a factor of 3844?
True
Is 181 a factor of 83595?
False
Is 81 a factor of 12003?
False
Is 86338 a multiple of 14?
True
Is 24 a factor of 1392?
True
Is 1716 a multiple of 26?
True
Is 5 a factor of 3994?
False
Does 15 divide 270?
True
Does 9 divide 3734?
False
Is 25 a factor of 79898?
False
Is 71 a factor of 4176?
False
Is 4 a factor of 15493?
False
Is 190 even?
True
Is 44923 a multiple of 10?
False
Is 43 a factor of 12857?
True
Is 580 a multiple of 7?
False
Is 6 a factor of 446?
False
Is 1602 a multiple of 63?
False
Is 64 a factor of 13760?
True
Is 13 a factor of 4927?
True
Does 16 divide 315?
False
Does 32 divide 345?
False
Is 98 a factor of 6664?
True
Is 142 a factor of 10409?
False
Does 6 divide 570?
True
Is 43860 a multiple of 430?
True
Is 33 a factor of 462?
True
Does 33 divide 1945?
False
Is 5567 a multiple of 20?
False
Does 80 divide 4219?
False
Is 26963 a multiple of 70?
False
Is 2835 a multiple of 63?
True
Is 519 a multiple of 66?
False
Does 36 divide 6552?
True
Is 78 a factor of 6182?
False
Is 2 a factor of 8569?
False
Is 185 a multiple of 14?
False
Is 3002 a multiple of 32?
False
Is 4131 a multiple of 51?
True
Does 112 divide 11133?
False
Is 2249 a multiple of 24?
False
Does 210 divide 48930?
True
Is 2946 even?
True
Is 120 a multiple of 60?
True
Does 58 divide 689?
False
Does 15 divide 1303?
False
Is 20 a factor of 8640?
True
Is 10 a factor of 180?
True
Does 45 divide 7560?
True
Is 3776 a multiple of 66?
False
Does 20 divide 836?
False
Is 126 a factor of 2497?
False
Is 128 a factor of 21376?
True
Does 9 divide 158?
False
Does 23 divide 828?
True
Is 136 a multiple of 8?
True
Is 14052 a multiple of 12?
True
Is 210 a multiple of 13?
False
Is 36 a factor of 44315?
False
Is 130 a factor of 70070?
True
Is 871 a multiple of 13?
True
Is 392 a multiple of 4?
True
Is 9 a factor of 46?
False
Is 5 a factor of 3036?
False
Does 8 divide 24872?
True
Does 9 divide 189?
True
Does 3 divide 57?
True
Does 13 divide 5080?
False
Is 18401 a multiple of 86?
False
Is 1544 a multiple of 9?
False
Is 26 a factor of 31252?
True
Is 132 a multiple of 6?
True
Is 75 a factor of 375?
True
Is 1725 a multiple of 71?
False
Does 96 divide 48835?
False
Is 10 a factor of 980?
True
Is 9425 a multiple of 29?
True
Does 41 divide 5986?
True
Does 20 divide 177?
False
Does 34 divide 538?
False
Is 280 a multiple of 20?
True
Is 1360 a multiple of 40?
True
Does 22 divide 12034?
True
Is 3 a factor of 2901?
True
Does 17 divide 2772?
False
Does 202 divide 13534?
True
Does 7 divide 1258?
False
Is 6 a factor of 33280?
False
Is 6664 a multiple of 8?
True
Does 6 divide 130?
False
Is 25832 a multiple of 196?
False
Does 12 divide 285?
False
Is 3237 a multiple of 39?
True
Does 5 divide 925?
True
Is 216 a multiple of 8?
True
Does 27 divide 1377?
True
Does 75 divide 2325?
True
Is 137 a factor of 3973?
True
Does 29 divide 1695?
False
Is 4507 a multiple of 69?
False
Is 23 a factor of 51543?
True
Is 759 a multiple of 3?
True
Is 34 a factor of 85?
False
Is 39 a multiple of 5?
False
Is 71 a factor of 4663?
False
Is 157 a factor of 5966?
True
Does 14 divide 22526?
True
Does 30 divide 2130?
True
Is 10 a factor of 16810?
True
Does 28 divide 12995?
False
Is 88 a multiple of 22?
True
Is 2465 a multiple of 4?
False
Does 15 divide 310?
False
Is 43882 a multiple of 23?
False
Is 8820 a multiple of 35?
True
Is 11492 a multiple of 52?
True
Is 105235 a multiple of 65?
True
Does 41 divide 32267?
True
Does 104 divide 1349?
False
Is 2168 a multiple of 3?
False
Is 2502 a multiple of 34?
False
Is 45917 a multiple of 17?
True
Does 4 divide 2167?
False
Does 38 divide 454?
False
Is 19 a factor of 678?
False
Is 382 a factor of 13464?
False
Is 87 a factor of 8919?
False
Does 27 divide 12231?
True
Does 31 divide 7554?
False
Is 5485 a multiple of 92?
False
Is 3533 a multiple of 4?
False
Is 352 a factor of 44352?
True
Is 1241 a multiple of 60?
False
Is 37 a factor of 24706?
False
Does 12 divide 1045?
False
Does 16 divide 2112?
True
Is 2613 a multiple of 11?
False
Is 13 a factor of 1534?
True
Is 14 a factor of 953?
False
Does 94 divide 36284?
True
Is 30108 a multiple of 12?
True
Is 71 a multiple of 2?
False
Is 5290 a multiple of 141?
False
Is 99 a multiple of 14?
False
Does 26 divide 5460?
True
Is 12 a factor of 387?
False
Is 4 a factor of 5840?
True
Does 26 divide 4729?
False
Does 40 divide 760?
True
Does 5 divide 1657?
False
Does 45 divide 2700?
True
Is 1441 a multiple of 11?
True
Is 100 a factor of 1726?
False
Is 869 a multiple of 57?
False
Is 9558 a multiple of 27?
True
Is 41250 a multiple of 4?
False
Is 7639 a multiple of 27?
False
Does 12 divide 240?
True
Does 37 divide 1510?
False
Does 17 divide 7055?
True
Is 1016 a multiple of 5?
False
Is 29 a factor of 348?
True
Is 10460 a multiple of 128?
False
Does 17 divide 44319?
True
Is 4864 a multiple of 46?
False
Does 17 divide 476?
True
Does 6 divide 130?
False
Is 640 a multiple of 15?
False
Is 20248 a multiple of 96?
False
Does 48 divide 300?
False
Is 212 a multiple of 97?
False
Is 1045 a multiple of 55?
True
Is 5390 a multiple of 10?
True
Is 15904 a multiple of 142?
True
Does 16 divide 2637?
False
Is 1402 a multiple of 8?
False
Is 15 a factor of 8830?
False
Is 255 a multiple of 51?
True
Does 6 divide 5431?
False
Is 19 a factor of 22306?
True
Is 2428 a multiple of 4?
True
Is 8 a factor of 48?
True
Is 6 a factor of 14815?
False
Does 57 divide 1433?
False
Is 8 a factor of 3886?
False
Does 13 divide 637?
True
Is 2285 a multiple of 67?
False
Does 35 divide 1241?
False
Is 20647 a multiple of 9?
False
Is 7208 a multiple of 8?
True
Is 11944 a multiple of 52?
False
Is 94673 a multiple of 11?
False
Is 196 a multiple of 8?
False
Is 100 a factor of 1700?
True
Is 903 a multiple of 53?
False
Does 19 divide 28637?
False
Is 50 a factor of 12450?
True
Does 106 divide 8798?
True
Is 13 a factor of 167?
False
Does 21 divide 42?
True
Does 3 divide 102?
True
Does 39 divide 638?
False
Is 4311 a multiple of 49?
False
Does 32 divide 1312?
True
Does 32 divide 96?
True
Is 380 a multiple of 19?
True
Is 13534 a multiple of 12?
False
Is 2127 a multiple of 12?
False
Is 23 a factor of 7680?
False
Is 930 a multiple of 10?
True
Is 26 a factor of 80690?
False
Does 58 divide 9106?
True
Does 6 divide 504?
True
Does 88 divide 1215?
False
Is 22 a factor of 62964?
True
Is 33290 a multiple of 210?
False
Is 49 a multiple of 6?
False
Does 83 divide 21816?
False
Is 20 a factor of 1280?
True
Is 57 even?
False
Does 13 divide 74815?
True
Does 16 divide 2491?
False
Does 5 divide 255?
True
Is 68 a multiple of 21?
False
Is 2238 a multiple of 6?
True
Does 27 divide 162?
True
Is 7 a factor of 266?
True
Is 2140 a multiple of 40?
False
Does 6 divide 34483?
False
Is 16170 a multiple of 165?
True
Does 22 divide 220?
True
Is 4 a factor of 149?
False
Is 11628 a multiple of 171?
True
Is 449 a multiple of 6?
False
Is 106 a factor of 13840?
False
Is 4045 a multiple of 48?
False
Is 1677 a multiple of 39?
True
Is 7157 a multiple of 63?
False
Does 12 divide 87299?
False
Is 1409 a multiple of 144?
False
Is 31223 a multiple of 27?
False
Is 42 a factor of 7545?
False
Does 17 divide 418?
False
Is 13 a factor of 819?
True
Is 8096 a multiple of 23?
True
Does 134 divide 251?
False
Is 13 a factor of 7540?
True
Is 41715 a multiple of 9?
True
Is 39220 a multiple of 37?
True
Is 5 a factor of 225?
True
Does 5 divide 1790?
True
Does 37 divide 444?
True
Is 18 a factor of 126?
True
Is 874 a multiple of 46?
True
Is 165 a factor of 12144?
False
Is 1086 a multiple of 14?
False
Is 47 a factor of 32383?
True
Is 57 a multiple of 57?
True
Is 12 a factor of 119?
False
Does 5 divide 12540?
True
Is 43 a factor of 811?
False
Is 89 a factor of 1662?
False
Does 34 divide 2922?
False
Is 6950 a multiple of 25?
True
Do